 5
Suppose -4*v = -5*z - 17646, 8832 = 2*v - 12*z + 14*z. List the prime factors of v.
2, 2207
What are the prime factors of -5*(8/(-50))/(50/92750)?
2, 7, 53
Suppose 61404 + 22832 = 34*s - 184296. What are the prime factors of s?
2, 11, 359
Suppose 330*i - 16331801 = -4053491. What are the prime factors of i?
29, 1283
Suppose -19*c + 115116 = -621229. What are the prime factors of c?
5, 23, 337
Suppose -5*c = h - 14, 9 + 1 = 5*c. Suppose -5*g = h*y - 22, 0*g = -2*g - 3*y + 6. Suppose -2*o = g*b - b - 924, -8 = -4*o. What are the prime factors of b?
2, 23
Let s = 15032 - 10561. What are the prime factors of s?
17, 263
Let k(f) be the first derivative of -449*f**2/2 - 116*f + 95. List the prime factors of k(-4).
2, 3, 5, 7
Suppose 0 = -15*b + 14*b + 13. Let s(y) = y**2 + 5*y + 6. Let d be s(-4). Suppose 8 = -d*f, -b = -5*g - 4*f + 301. List the prime factors of g.
2, 3, 11
Suppose -3*u - 111 = -0*u. Let h = u - -40. Suppose -4*w + 435 = 4*c + 43, 5*w - h*c - 466 = 0. List the prime factors of w.
5, 19
Let o(q) = -204*q + 1873. What are the prime factors of o(-25)?
19, 367
Let r = -7241 - -13275. What are the prime factors of r?
2, 7, 431
Let i be (-2)/(-4)*-1*12/(-2). Suppose 0*n + 9 = -i*n. List the prime factors of 2 - 66/(6/n).
5, 7
Let u = 788 + -1337. Let l = -181 - u. What are the prime factors of l?
2, 23
Let v be ((-3)/3)/(12/(-3660)). Suppose 899 + v = 2*w. What are the prime factors of w?
2, 7, 43
Let i be ((-23)/(-3))/(4/480). Let w = -645 + i. List the prime factors of w.
5, 11
Suppose -83*p = 2121318 - 5898731. What are the prime factors of p?
71, 641
Let x = -168 + 171. Suppose -5*u + x*g + 649 + 1096 = 0, -2*g - 10 = 0. What are the prime factors of u?
2, 173
Let k(v) = -v**3 + 6*v**2 + 18*v - 6. Let x be k(5). Let t = x + 49. List the prime factors of t.
2, 79
Let s = -311 - -1466. Suppose 0 = 2*d - 5*g - 767, -s = -3*d + 3*g - 0*g. List the prime factors of d.
2, 193
What are the prime factors of 44/85 - 2/5 - (-171724242)/10982?
19, 823
Let v = 15 - 12. Suppose v*i - 33 = -21. Suppose -r + 72 = m - 4*r, i*r = 3*m - 216. List the prime factors of m.
2, 3
Let m(d) = 18946*d + 4932. List the prime factors of m(4).
2, 17, 1187
Suppose 13 = -16*x + 109. Suppose 0 = 3*f + 5*w - 1354, x*f - 2*f - 1808 = -4*w. List the prime factors of f.
3, 151
Suppose u = z + 18906, 16*u - 37830 = 14*u + 5*z. List the prime factors of u.
2, 3, 5, 7
Let d be 0/(1 - 0) + (-17 - -48). Suppose -121*j + 120*j = -d. What are the prime factors of j?
31
Suppose 5*d - 15*d - 840 = 0. Let q = d + 87. Suppose -q*a + 99 = -3. List the prime factors of a.
2, 17
Let f be (6/(-1))/((-15)/10). Suppose 9*r - 8*r = f. Suppose 236 = -2*d + r*d. List the prime factors of d.
2, 59
Let d(a) = -a**2 + 9*a + 38. Let y be d(12). What are the prime factors of ((-1830)/(-5) - 4)/y?
181
Let m(q) = 55 + 24 + 51 - 12 - 6 + 298*q. List the prime factors of m(4).
2, 163
Let g be 28/42 + (-25)/(-3). Suppose 43 = g*m + 16. Suppose -287 = -3*l + 2*y - 6*y, m*y = l - 113. List the prime factors of l.
101
Let y(h) = -279*h + 39. Let c be y(-18). Let w be c/24 + 2/16. Suppose s - 5*m = -0*s + 38, 0 = 5*s - 4*m - w. What are the prime factors of s?
43
Let p = 10878 + -6994. List the prime factors of p.
2, 971
Suppose 143*o = 169*o - 692874. What are the prime factors of o?
3, 7, 47
Let v(f) = 17*f**2 - 15 - f + 16 + 3*f. Let x(c) = -c**2 - c. Let p(h) = v(h) + 3*x(h). What are the prime factors of p(1)?
2, 7
Suppose 111 = -3*g - 3*x, 2*x - 81 - 118 = 5*g. What are the prime factors of (-25461)/g + (-14)/273*-3?
653
Let u(r) = 3*r**3 - 29*r**2 + 214*r + 86. What are the prime factors of u(23)?
2, 3271
Let w = -8047 - -9571. List the prime factors of w.
2, 3, 127
Let f be 4/3*(-600)/(-16) - 2. Let w = 166 + f. What are the prime factors of w?
2, 107
List the prime factors of 2 - (3 + 220404/(-12)).
2, 3, 3061
Suppose 91*a = -5*s + 88*a + 24966, s + 2*a = 4989. List the prime factors of s.
3, 5, 37
Suppose 1 = -2*l + 5. Suppose l = h, -4*w = -w - 2*h - 1085. List the prime factors of w.
3, 11
Let p(q) = -q**2 + 12*q - 17. Let h be p(10). Suppose 0 = -3*a + 6 + h. Suppose -8*g - 3*o + 650 = -a*g, -3*g + 390 = -5*o. What are the prime factors of g?
2, 5, 13
Suppose -3 = 3*x, -2*z + 16 = 4*x + 2. Suppose -z*k + 4*k - 5*r + 585 = 0, 4*k - 5*r - 504 = 0. What are the prime factors of k?
11
Suppose g - 15*g = -8260. Let p = -51 + g. What are the prime factors of p?
7, 11
Let q = 131 + -129. What are the prime factors of (0/q - -3)/((-197)/(-13396))?
2, 3, 17
Let x be 32/(-3)*((-393)/(-4))/(-1). Suppose -k + x = 4*w - 2*w, -5*w - 3*k + 2622 = 0. What are the prime factors of w?
2, 3, 29
Let y be ((-1521)/(-26))/(((-3)/10)/(-3)). Suppose 2*l - 88 = -c + 42, 5*c = 3*l + y. What are the prime factors of c?
2, 3, 5
Let z be 8472/30 + 3/5 + -1. Let a be 0 + z + -3 - (2 - 0). Suppose 6*w = a + 263. What are the prime factors of w?
2, 3, 5
Suppose -3*v + 2*n = n - 24361, 4*n = 3*v - 24364. What are the prime factors of v?
2, 5, 7, 29
What are the prime factors of 2/((-1972)/(-4928) + (8/(-20) - 0))?
2, 5, 7, 11
Suppose -4*q + 30 = -g, -4*g = -5*q + 2 + 63. Let d(z) = -2*z**3 - 15*z**2 - 17*z - 17. What are the prime factors of d(g)?
653
Suppose -6*j + 13 = -11. Suppose -j*k - 4*g = -92, 5*k - 4*k - 23 = 5*g. What are the prime factors of k?
23
Suppose -3*v = 3*l - 6, 4 + 1 = 2*l + v. Suppose 0 = l*f + 5*b - 313, 0*f + 212 = 2*f + 4*b. List the prime factors of f.
2, 3
Let x(f) be the second derivative of f**4/2 - f**3 + 3*f**2 - 115*f. Let g = -3 - -6. What are the prime factors of x(g)?
2, 3, 7
Let a(k) be the third derivative of -1/24*k**4 + 0 + 25/3*k**3 - 18*k**2 + 0*k. List the prime factors of a(23).
3
Suppose -2*v + 6798 = -5*g, -3959 - 9615 = -4*v - g. List the prime factors of v.
2, 1697
Suppose -65624 - 21165 = -2*x + 53957. List the prime factors of x.
70373
Suppose 157*b - 10799439 = -156*b. List the prime factors of b.
3, 7, 31, 53
Let m be (-6)/12 - (-28119)/6. Suppose -4*k = -5*g - m, -2*k = 3*k + 2*g - 5874. What are the prime factors of k?
2, 587
Let t = -61 + 67. Let g be (t - 3) + 0 + (5 - 1). Suppose g*n - 9*n = -104. List the prime factors of n.
2, 13
Let s(n) = 255*n**2 - 50*n - 32. What are the prime factors of s(8)?
2, 3, 331
Suppose -5*x = 3*u - 15052, 3*x - 2*u + 4*u - 9032 = 0. List the prime factors of x.
2, 47
Suppose 3*b + 3*o = 40746, -6*b + 11*b + 2*o - 67898 = 0. List the prime factors of b.
2, 3, 31, 73
Let y(d) = -d**3 - 6*d**2 - d - 15. Let h(c) be the first derivative of c**3/3 + 5*c**2/2 - 3*c - 36. Let s be h(-2). List the prime factors of y(s).
3, 79
Suppose -11*h = -2*h - 8163. Let x = h - 407. Suppose -5*a + x = -20. List the prime factors of a.
2, 13
What are the prime factors of (-33852)/(-2) - 3360/(-210)?
2, 43, 197
Let h = 98 + -93. List the prime factors of 532/h - (110/25)/11.
2, 53
Let x(q) be the second derivative of 79*q**3/3 - 93*q**2/2 + 2*q + 73. What are the prime factors of x(4)?
7, 11
Let a(j) = -17076*j - 8361. What are the prime factors of a(-4)?
3, 13, 29, 53
Suppose 47*u - 103*u + 48*u = -25024. What are the prime factors of u?
2, 17, 23
Suppose -4*t + 104 = -0. Suppose 117 = 27*q - t*q. Let s = q - 65. What are the prime factors of s?
2, 13
Suppose -54*z = -60*z + 36. Suppose 0 = z*b + 7*b - 13182. List the prime factors of b.
2, 3, 13
Let j be -1 - 1 - (-9 - 2) - 2. Suppose -j*w = -960 - 2596. List the prime factors of w.
2, 127
Suppose 4*p + 23 = -4*g + g, 3*p + 27 = -3*g. Let l = g + -28. Let k = 57 + l. What are the prime factors of k?
2
Suppose 43*i - 48*i = -25. Suppose 2*m = -i*j + 222, 5*m = 8*j - 11*j + 118. List the prime factors of j.
2, 23
Let b be (-1018)/3*2/(20/(-105)). Suppose 3568*k - b*k - 9315 = 0. What are the prime factors of k?
3, 23
Let z(p) = -39*p**3 + 8*p**2 - 12*p - 10. What are the prime factors of z(-6)?
2, 41, 107
Suppose -4*y + 59234 = -73734. What are the prime factors of y?
2, 11, 1511
Let h(s) = 17*s**2 + 40*s + 213. List the prime factors of h(-28).
12421
Let o be 6 + -2*(-4)/8. Suppose -o*j = 83 + 29. Let d = 48 + j. List the prime factors of d.
2
Suppose 50401 = 5*w - 2*z - 85733, -5*w - z = -136113. What are the prime factors of w?
2, 41, 83
Suppose -5*h - 10 = 0, 3*h = -2*w + 5*h + 4732. Let o = w +